[INFO] cloning repository https://github.com/RagePly/aoc21
[INFO] running `Command { std: "git" "-c" "credential.helper=" "-c" "credential.helper=/workspace/cargo-home/bin/git-credential-null" "clone" "--bare" "https://github.com/RagePly/aoc21" "/workspace/cache/git-repos/https%3A%2F%2Fgithub.com%2FRagePly%2Faoc21", kill_on_drop: false }`
[INFO] [stderr] Cloning into bare repository '/workspace/cache/git-repos/https%3A%2F%2Fgithub.com%2FRagePly%2Faoc21'...
[INFO] running `Command { std: "git" "rev-parse" "HEAD", kill_on_drop: false }`
[INFO] [stdout] c0fb7668d5fe35b36832f3df65e2130218ed4d88
[INFO] checking RagePly/aoc21 against master#9610dfe5a9a731ced1ea4923ecbd0c57fe367898 for beta-170-4
[INFO] running `Command { std: "git" "clone" "/workspace/cache/git-repos/https%3A%2F%2Fgithub.com%2FRagePly%2Faoc21" "/workspace/builds/worker-3-tc1/source", kill_on_drop: false }`
[INFO] [stderr] Cloning into '/workspace/builds/worker-3-tc1/source'...
[INFO] [stderr] done.
[INFO] validating manifest of git repo https://github.com/RagePly/aoc21 on toolchain 9610dfe5a9a731ced1ea4923ecbd0c57fe367898
[INFO] running `Command { std: CARGO_HOME="/workspace/cargo-home" RUSTUP_HOME="/workspace/rustup-home" "/workspace/cargo-home/bin/cargo" "+9610dfe5a9a731ced1ea4923ecbd0c57fe367898" "metadata" "--manifest-path" "Cargo.toml" "--no-deps", kill_on_drop: false }`
[INFO] started tweaking git repo https://github.com/RagePly/aoc21
[INFO] finished tweaking git repo https://github.com/RagePly/aoc21
[INFO] tweaked toml for git repo https://github.com/RagePly/aoc21 written to /workspace/builds/worker-3-tc1/source/Cargo.toml
[INFO] crate git repo https://github.com/RagePly/aoc21 already has a lockfile, it will not be regenerated
[INFO] running `Command { std: CARGO_HOME="/workspace/cargo-home" RUSTUP_HOME="/workspace/rustup-home" "/workspace/cargo-home/bin/cargo" "+9610dfe5a9a731ced1ea4923ecbd0c57fe367898" "fetch" "--manifest-path" "Cargo.toml", kill_on_drop: false }`
[INFO] running `Command { std: "docker" "create" "-v" "/var/lib/crater-agent-workspace/builds/worker-3-tc1/target:/opt/rustwide/target:rw,Z" "-v" "/var/lib/crater-agent-workspace/builds/worker-3-tc1/source:/opt/rustwide/workdir:ro,Z" "-v" "/var/lib/crater-agent-workspace/cargo-home:/opt/rustwide/cargo-home:ro,Z" "-v" "/var/lib/crater-agent-workspace/rustup-home:/opt/rustwide/rustup-home:ro,Z" "-e" "SOURCE_DIR=/opt/rustwide/workdir" "-e" "CARGO_TARGET_DIR=/opt/rustwide/target" "-e" "CARGO_HOME=/opt/rustwide/cargo-home" "-e" "RUSTUP_HOME=/opt/rustwide/rustup-home" "-w" "/opt/rustwide/workdir" "-m" "1610612736" "--user" "0:0" "--network" "none" "ghcr.io/rust-lang/crates-build-env/linux@sha256:19e73879b68f455e41552ea35293514db52ea292d993f571636dbffedb77a1ee" "/opt/rustwide/cargo-home/bin/cargo" "+9610dfe5a9a731ced1ea4923ecbd0c57fe367898" "metadata" "--no-deps" "--format-version=1", kill_on_drop: false }`
[INFO] [stdout] 4078c68ebd0d986661e0e4ec89196782aaa09d27ee9abc32570ca0bc5559f43f
[INFO] running `Command { std: "docker" "start" "-a" "4078c68ebd0d986661e0e4ec89196782aaa09d27ee9abc32570ca0bc5559f43f", kill_on_drop: false }`
[INFO] running `Command { std: "docker" "inspect" "4078c68ebd0d986661e0e4ec89196782aaa09d27ee9abc32570ca0bc5559f43f", kill_on_drop: false }`
[INFO] running `Command { std: "docker" "rm" "-f" "4078c68ebd0d986661e0e4ec89196782aaa09d27ee9abc32570ca0bc5559f43f", kill_on_drop: false }`
[INFO] [stdout] 4078c68ebd0d986661e0e4ec89196782aaa09d27ee9abc32570ca0bc5559f43f
[INFO] running `Command { std: "docker" "create" "-v" "/var/lib/crater-agent-workspace/builds/worker-3-tc1/target:/opt/rustwide/target:rw,Z" "-v" "/var/lib/crater-agent-workspace/builds/worker-3-tc1/source:/opt/rustwide/workdir:ro,Z" "-v" "/var/lib/crater-agent-workspace/cargo-home:/opt/rustwide/cargo-home:ro,Z" "-v" "/var/lib/crater-agent-workspace/rustup-home:/opt/rustwide/rustup-home:ro,Z" "-e" "SOURCE_DIR=/opt/rustwide/workdir" "-e" "CARGO_TARGET_DIR=/opt/rustwide/target" "-e" "CARGO_INCREMENTAL=0" "-e" "RUST_BACKTRACE=full" "-e" "RUSTFLAGS=--cap-lints=forbid" "-e" "RUSTDOCFLAGS=--cap-lints=forbid" "-e" "CARGO_HOME=/opt/rustwide/cargo-home" "-e" "RUSTUP_HOME=/opt/rustwide/rustup-home" "-w" "/opt/rustwide/workdir" "-m" "1610612736" "--user" "0:0" "--network" "none" "ghcr.io/rust-lang/crates-build-env/linux@sha256:19e73879b68f455e41552ea35293514db52ea292d993f571636dbffedb77a1ee" "/opt/rustwide/cargo-home/bin/cargo" "+9610dfe5a9a731ced1ea4923ecbd0c57fe367898" "check" "--frozen" "--all" "--all-targets" "--message-format=json", kill_on_drop: false }`
[INFO] [stdout] 3ef419ef4fae6f6dace709833d578e2fa40ec2a3e051de35337a36e77afef6ad
[INFO] running `Command { std: "docker" "start" "-a" "3ef419ef4fae6f6dace709833d578e2fa40ec2a3e051de35337a36e77afef6ad", kill_on_drop: false }`
[INFO] [stderr]    Compiling num-traits v0.2.14
[INFO] [stderr]     Checking aoc21 v0.1.0 (/opt/rustwide/workdir)
[INFO] [stdout] error: use of unstable library feature 'test': `bench` is a part of custom test frameworks which are unstable
[INFO] [stdout]    --> src/tests.rs:213:3
[INFO] [stdout]     |
[INFO] [stdout] 213 | #[bench]
[INFO] [stdout]     |   ^^^^^
[INFO] [stdout]     |
[INFO] [stdout]     = warning: this was previously accepted by the compiler but is being phased out; it will become a hard error in a future release!
[INFO] [stdout]     = note: for more information, see issue #64266 <https://github.com/rust-lang/rust/issues/64266>
[INFO] [stdout]     = note: `#[deny(soft_unstable)]` on by default
[INFO] [stdout] 
[INFO] [stdout] 
[INFO] [stdout] error: use of unstable library feature 'test': `bench` is a part of custom test frameworks which are unstable
[INFO] [stdout]    --> src/tests.rs:221:3
[INFO] [stdout]     |
[INFO] [stdout] 221 | #[bench]
[INFO] [stdout]     |   ^^^^^
[INFO] [stdout]     |
[INFO] [stdout]     = warning: this was previously accepted by the compiler but is being phased out; it will become a hard error in a future release!
[INFO] [stdout]     = note: for more information, see issue #64266 <https://github.com/rust-lang/rust/issues/64266>
[INFO] [stdout] 
[INFO] [stdout] 
[INFO] [stdout] error[E0658]: use of unstable library feature 'test'
[INFO] [stdout]  --> src/tests.rs:1:1
[INFO] [stdout]   |
[INFO] [stdout] 1 | extern crate test;
[INFO] [stdout]   | ^^^^^^^^^^^^^^^^^^
[INFO] [stdout]   |
[INFO] [stdout]   = note: see issue #50297 <https://github.com/rust-lang/rust/issues/50297> for more information
[INFO] [stdout]   = help: add `#![feature(test)]` to the crate attributes to enable
[INFO] [stdout] 
[INFO] [stdout] 
[INFO] [stdout] error[E0658]: use of unstable library feature 'test'
[INFO] [stdout]  --> src/tests.rs:2:5
[INFO] [stdout]   |
[INFO] [stdout] 2 | use test::Bencher;
[INFO] [stdout]   |     ^^^^^^^^^^^^^
[INFO] [stdout]   |
[INFO] [stdout]   = note: see issue #50297 <https://github.com/rust-lang/rust/issues/50297> for more information
[INFO] [stdout]   = help: add `#![feature(test)]` to the crate attributes to enable
[INFO] [stdout] 
[INFO] [stdout] 
[INFO] [stdout] error[E0658]: use of unstable library feature 'test'
[INFO] [stdout]    --> src/tests.rs:214:28
[INFO] [stdout]     |
[INFO] [stdout] 214 | fn day14_part1(bench: &mut Bencher) {
[INFO] [stdout]     |                            ^^^^^^^
[INFO] [stdout]     |
[INFO] [stdout]     = note: see issue #50297 <https://github.com/rust-lang/rust/issues/50297> for more information
[INFO] [stdout]     = help: add `#![feature(test)]` to the crate attributes to enable
[INFO] [stdout] 
[INFO] [stdout] 
[INFO] [stdout] error[E0658]: use of unstable library feature 'test'
[INFO] [stdout]    --> src/tests.rs:222:28
[INFO] [stdout]     |
[INFO] [stdout] 222 | fn day14_part2(bench: &mut Bencher) {
[INFO] [stdout]     |                            ^^^^^^^
[INFO] [stdout]     |
[INFO] [stdout]     = note: see issue #50297 <https://github.com/rust-lang/rust/issues/50297> for more information
[INFO] [stdout]     = help: add `#![feature(test)]` to the crate attributes to enable
[INFO] [stdout] 
[INFO] [stdout] 
[INFO] [stdout] error[E0658]: use of unstable library feature 'test'
[INFO] [stdout]    --> src/tests.rs:217:11
[INFO] [stdout]     |
[INFO] [stdout] 217 |     bench.iter(|| super::day14::part1(source.clone()));
[INFO] [stdout]     |           ^^^^
[INFO] [stdout]     |
[INFO] [stdout]     = note: see issue #50297 <https://github.com/rust-lang/rust/issues/50297> for more information
[INFO] [stdout]     = help: add `#![feature(test)]` to the crate attributes to enable
[INFO] [stdout] 
[INFO] [stdout] 
[INFO] [stdout] error[E0658]: use of unstable library feature 'test'
[INFO] [stdout]    --> src/tests.rs:225:11
[INFO] [stdout]     |
[INFO] [stdout] 225 |     bench.iter(|| super::day14::part2(source.clone()));
[INFO] [stdout]     |           ^^^^
[INFO] [stdout]     |
[INFO] [stdout]     = note: see issue #50297 <https://github.com/rust-lang/rust/issues/50297> for more information
[INFO] [stdout]     = help: add `#![feature(test)]` to the crate attributes to enable
[INFO] [stdout] 
[INFO] [stdout] 
[INFO] [stdout] error: aborting due to 8 previous errors
[INFO] [stdout] 
[INFO] [stdout] 
[INFO] [stdout] For more information about this error, try `rustc --explain E0658`.
[INFO] [stdout] 
[INFO] [stderr] error: could not compile `aoc21` (bin "aoc21" test) due to 9 previous errors
[INFO] [stderr] warning: build failed, waiting for other jobs to finish...
[INFO] running `Command { std: "docker" "inspect" "3ef419ef4fae6f6dace709833d578e2fa40ec2a3e051de35337a36e77afef6ad", kill_on_drop: false }`
[INFO] running `Command { std: "docker" "rm" "-f" "3ef419ef4fae6f6dace709833d578e2fa40ec2a3e051de35337a36e77afef6ad", kill_on_drop: false }`
[INFO] [stdout] 3ef419ef4fae6f6dace709833d578e2fa40ec2a3e051de35337a36e77afef6ad
